{"id":2052,"date":"2021-02-01T19:15:12","date_gmt":"2021-02-01T19:15:12","guid":{"rendered":"https:\/\/authentic-guide.ch\/?page_id=2052"},"modified":"2021-04-11T19:46:14","modified_gmt":"2021-04-11T19:46:14","slug":"most-beautiful-cities-of-switzerland","status":"publish","type":"page","link":"https:\/\/authentic-guide.ch\/?page_id=2052","title":{"rendered":"Most beautiful Cities of Switzerland"},"content":{"rendered":"\n<div class=\"wp-block-columns is-layout-flex wp-container-core-columns-is-layout-9d6595d7 wp-block-columns-is-layout-flex\">\n<div class=\"wp-block-column is-layout-flow wp-block-column-is-layout-flow\" style=\"flex-basis:100%\">\n<p>\u00a0<\/p>\n<p><img loading=\"lazy\" decoding=\"async\" class=\"alignnone size-medium wp-image-2438\" src=\"https:\/\/authentic-guide.ch\/wp-content\/uploads\/2021\/02\/Bern-gratis-300x225.jpg\" alt=\"\" width=\"300\" height=\"225\" srcset=\"https:\/\/authentic-guide.ch\/wp-content\/uploads\/2021\/02\/Bern-gratis-300x225.jpg 300w, https:\/\/authentic-guide.ch\/wp-content\/uploads\/2021\/02\/Bern-gratis-80x60.jpg 80w, https:\/\/authentic-guide.ch\/wp-content\/uploads\/2021\/02\/Bern-gratis.jpg 640w\" sizes=\"auto, (max-width: 300px) 100vw, 300px\" \/><\/p>\n<p><strong>Bern<br \/><\/strong><em>M\u00fcnster, Altstadt, Bundeshaus, B\u00e4rengraben<\/em><br \/><strong>Cathedral, historic Old Town,<\/strong> Federal Building, bears<\/p>\n<p>\u00a0<\/p>\n<p><img loading=\"lazy\" decoding=\"async\" class=\"alignnone size-medium wp-image-2441\" src=\"https:\/\/authentic-guide.ch\/wp-content\/uploads\/2021\/02\/lausanne-kath.-gratis-300x225.jpg\" alt=\"\" width=\"300\" height=\"225\" srcset=\"https:\/\/authentic-guide.ch\/wp-content\/uploads\/2021\/02\/lausanne-kath.-gratis-300x225.jpg 300w, https:\/\/authentic-guide.ch\/wp-content\/uploads\/2021\/02\/lausanne-kath.-gratis-80x60.jpg 80w, https:\/\/authentic-guide.ch\/wp-content\/uploads\/2021\/02\/lausanne-kath.-gratis.jpg 640w\" sizes=\"auto, (max-width: 300px) 100vw, 300px\" \/><\/p>\n<p><strong>Lausanne<br \/><\/strong><em>Ouchy, Altstadt, Kathedrale, Standseilbahn<\/em><br \/><strong>Ouchy, Lakeshore, Old Town<\/strong>, Cathedral, historic Old Town funicular<\/p>\n<p>\u00a0<\/p>\n<p><strong><img loading=\"lazy\" decoding=\"async\" class=\"alignnone size-full wp-image-2036\" src=\"https:\/\/authentic-guide.ch\/wp-content\/uploads\/2021\/02\/Basel-Faehre.jpg\" alt=\"\" width=\"278\" height=\"181\" srcset=\"https:\/\/authentic-guide.ch\/wp-content\/uploads\/2021\/02\/Basel-Faehre.jpg 278w, https:\/\/authentic-guide.ch\/wp-content\/uploads\/2021\/02\/Basel-Faehre-92x60.jpg 92w\" sizes=\"auto, (max-width: 278px) 100vw, 278px\" \/><\/strong><\/p>\n<p><strong>Basel<br \/><\/strong><em>M\u00fcnster, Rathaus, historische Pl\u00e4tze, Altstadt, Rheinufer, Zoo<\/em><br \/><strong>Cathedral, City Hall<\/strong>, \u00a0historic squares, Old Town, Rhine River, Zoo<\/p>\n<p>\u00a0<\/p>\n<p><img loading=\"lazy\" decoding=\"async\" class=\"alignnone size-large wp-image-2659\" src=\"https:\/\/authentic-guide.ch\/wp-content\/uploads\/2021\/04\/IMG_7199-1024x768.jpg\" alt=\"\" width=\"910\" height=\"683\" srcset=\"https:\/\/authentic-guide.ch\/wp-content\/uploads\/2021\/04\/IMG_7199-1024x768.jpg 1024w, https:\/\/authentic-guide.ch\/wp-content\/uploads\/2021\/04\/IMG_7199-300x225.jpg 300w, https:\/\/authentic-guide.ch\/wp-content\/uploads\/2021\/04\/IMG_7199-768x576.jpg 768w, https:\/\/authentic-guide.ch\/wp-content\/uploads\/2021\/04\/IMG_7199-1536x1152.jpg 1536w, https:\/\/authentic-guide.ch\/wp-content\/uploads\/2021\/04\/IMG_7199-2048x1536.jpg 2048w, https:\/\/authentic-guide.ch\/wp-content\/uploads\/2021\/04\/IMG_7199-80x60.jpg 80w\" sizes=\"auto, (max-width: 910px) 100vw, 910px\" \/><\/p>\n<p><strong>Luzern<br \/><\/strong><em>Sch\u00f6nste Altstadt, KKL, Holzbr\u00fccke, See, Hofkirche, L\u00f6wendenkmal und Gletschergarten, Schweizerisches Verkehrshaus, antike Raddampfschiffe<\/em><br \/><strong>Wooden Bridge, most\u00a0beautiful historic Old Town<\/strong>, <span style=\"font-weight: 600;\">KKL\u00a0<\/span>(famous Art and Congress Building), \u00a0Lakeshore, famous and historic churches, Lion&#8217;s Monument, Glacier Garden, Transportation Museum, historic Paddle Steamboats<\/p>\n<p>\u00a0<\/p>\n<p><img loading=\"lazy\" decoding=\"async\" class=\"alignnone size-medium wp-image-2444\" src=\"https:\/\/authentic-guide.ch\/wp-content\/uploads\/2021\/02\/geneva-gratis-300x200.jpg\" alt=\"\" width=\"300\" height=\"200\" srcset=\"https:\/\/authentic-guide.ch\/wp-content\/uploads\/2021\/02\/geneva-gratis-300x200.jpg 300w, https:\/\/authentic-guide.ch\/wp-content\/uploads\/2021\/02\/geneva-gratis-90x60.jpg 90w, https:\/\/authentic-guide.ch\/wp-content\/uploads\/2021\/02\/geneva-gratis.jpg 640w\" sizes=\"auto, (max-width: 300px) 100vw, 300px\" \/><\/p>\n<p><strong>Genf<br \/><\/strong><em>UNO, Tram, Shopping, Seepromenade, Springbrunnen<\/em><br \/><strong>UNO, tram, shopping mile<\/strong>, Lakeshore Promenade, Swiss highest fountain<\/p>\n<p>\u00a0<\/p>\n<p><img loading=\"lazy\" decoding=\"async\" class=\"alignnone size-medium wp-image-2446\" src=\"https:\/\/authentic-guide.ch\/wp-content\/uploads\/2021\/02\/zurichgratis-300x192.jpg\" alt=\"\" width=\"300\" height=\"192\" srcset=\"https:\/\/authentic-guide.ch\/wp-content\/uploads\/2021\/02\/zurichgratis-300x192.jpg 300w, https:\/\/authentic-guide.ch\/wp-content\/uploads\/2021\/02\/zurichgratis-1024x654.jpg 1024w, https:\/\/authentic-guide.ch\/wp-content\/uploads\/2021\/02\/zurichgratis-768x491.jpg 768w, https:\/\/authentic-guide.ch\/wp-content\/uploads\/2021\/02\/zurichgratis-94x60.jpg 94w, https:\/\/authentic-guide.ch\/wp-content\/uploads\/2021\/02\/zurichgratis.jpg 1280w\" sizes=\"auto, (max-width: 300px) 100vw, 300px\" \/><\/p>\n<p><strong>Z\u00fcrich<br \/><\/strong><em>Zoo, M\u00fcnster, Bahnhofstrasse, Niederd\u00f6rfli, Bellevueplatz, Partymile, Shoppingmile, Dolder<\/em><br \/><strong>Cathedral, Zoo, Bahnhofstrasse,<\/strong> Historic Old Town Niederd\u00f6rfli, beautiful squares like Bellevueplatz, Hotel Dolder<\/p>\n<p>\u00a0<\/p>\n<p><strong><img loading=\"lazy\" decoding=\"async\" class=\"alignnone size-medium wp-image-2058\" src=\"https:\/\/authentic-guide.ch\/wp-content\/uploads\/2021\/02\/IMG_1557-300x225.jpg\" alt=\"\" width=\"300\" height=\"225\" srcset=\"https:\/\/authentic-guide.ch\/wp-content\/uploads\/2021\/02\/IMG_1557-300x225.jpg 300w, https:\/\/authentic-guide.ch\/wp-content\/uploads\/2021\/02\/IMG_1557-1024x768.jpg 1024w, https:\/\/authentic-guide.ch\/wp-content\/uploads\/2021\/02\/IMG_1557-768x576.jpg 768w, https:\/\/authentic-guide.ch\/wp-content\/uploads\/2021\/02\/IMG_1557-1536x1152.jpg 1536w, https:\/\/authentic-guide.ch\/wp-content\/uploads\/2021\/02\/IMG_1557-2048x1536.jpg 2048w, https:\/\/authentic-guide.ch\/wp-content\/uploads\/2021\/02\/IMG_1557-80x60.jpg 80w\" sizes=\"auto, (max-width: 300px) 100vw, 300px\" \/><\/strong><\/p>\n<p><strong>Solothurn<br \/><\/strong><em>Altstadt, Verenaschlucht, Bischofs Kathedrale, Aare Ufer mit sch\u00f6nen Beizli<\/em><br \/><strong>Little historic Old Town, gorge of Verena<\/strong>, Bishop&#8217;s Cathedral, Aare River with little nice bars along<\/p>\n<p>\u00a0<\/p>\n<p><img loading=\"lazy\" decoding=\"async\" class=\"alignnone  wp-image-2661\" src=\"https:\/\/authentic-guide.ch\/wp-content\/uploads\/2021\/04\/IMG_7344-1024x768.jpg\" alt=\"\" width=\"489\" height=\"367\" srcset=\"https:\/\/authentic-guide.ch\/wp-content\/uploads\/2021\/04\/IMG_7344-1024x768.jpg 1024w, https:\/\/authentic-guide.ch\/wp-content\/uploads\/2021\/04\/IMG_7344-300x225.jpg 300w, https:\/\/authentic-guide.ch\/wp-content\/uploads\/2021\/04\/IMG_7344-768x576.jpg 768w, https:\/\/authentic-guide.ch\/wp-content\/uploads\/2021\/04\/IMG_7344-1536x1152.jpg 1536w, https:\/\/authentic-guide.ch\/wp-content\/uploads\/2021\/04\/IMG_7344-2048x1536.jpg 2048w, https:\/\/authentic-guide.ch\/wp-content\/uploads\/2021\/04\/IMG_7344-80x60.jpg 80w\" sizes=\"auto, (max-width: 489px) 100vw, 489px\" \/><\/p>\n<p><b>Lugano \/ Monte San\u00a0<\/b><span style=\"font-weight: 600;\">Salvatore<\/span><br \/><em>Tagesausflug in die gr\u00f6sste Stadt im Tessin. Mit der Standseilbahn oder zu Fuss zur\u00a0<\/em><i>Aussichtsplattform auf dem Monte San Salvatore hinauf steigen und die spektakul\u00e4re Rundumsicht \u00a0geniessen.<\/i><br \/><strong>The biggest City in the south canton Ticino<br \/><\/strong>Hike or take the\u00a0funicular to Monte San Salvatore and enjoy the most spectacular panoramic 360\u00b0view<\/p>\n<p>\u00a0<\/p>\n<p><img loading=\"lazy\" decoding=\"async\" class=\"alignnone size-medium wp-image-2452\" src=\"https:\/\/authentic-guide.ch\/wp-content\/uploads\/2021\/02\/swiss-oldest-town-chur-gratis-300x169.jpg\" alt=\"\" width=\"300\" height=\"169\" srcset=\"https:\/\/authentic-guide.ch\/wp-content\/uploads\/2021\/02\/swiss-oldest-town-chur-gratis-300x170.jpg 300w, https:\/\/authentic-guide.ch\/wp-content\/uploads\/2021\/02\/swiss-oldest-town-chur-gratis-107x60.jpg 107w, https:\/\/authentic-guide.ch\/wp-content\/uploads\/2021\/02\/swiss-oldest-town-chur-gratis.jpg 640w\" sizes=\"auto, (max-width: 300px) 100vw, 300px\" \/><\/p>\n<p><strong>Chur<br \/><\/strong><em>Altstadt, Kathedrale<\/em><br \/><strong>Mountain City<\/strong>, Old Town with Bishop&#8217;s Cathedral<\/p>\n<p>\u00a0<\/p>\n<p><img loading=\"lazy\" decoding=\"async\" class=\"alignnone size-medium wp-image-2454\" src=\"https:\/\/authentic-guide.ch\/wp-content\/uploads\/2021\/02\/castle-Schaffhausen-gratis-300x168.jpg\" alt=\"\" width=\"300\" height=\"168\" srcset=\"https:\/\/authentic-guide.ch\/wp-content\/uploads\/2021\/02\/castle-Schaffhausen-gratis-300x168.jpg 300w, https:\/\/authentic-guide.ch\/wp-content\/uploads\/2021\/02\/castle-Schaffhausen-gratis-107x60.jpg 107w, https:\/\/authentic-guide.ch\/wp-content\/uploads\/2021\/02\/castle-Schaffhausen-gratis.jpg 640w\" sizes=\"auto, (max-width: 300px) 100vw, 300px\" \/><\/p>\n<p><strong>Schaffhausen<br \/><\/strong><em>Rheinfall, Munot<\/em><br \/><strong>beautiful Old Town, Munot<\/strong> (artillery fortress) Rhine Falls at Neuhausen<\/p>\n<p>\u00a0<\/p>\n\n\n\n<p><\/p>\n\n\n\n<div class=\"wp-block-columns is-layout-flex wp-container-core-columns-is-layout-9d6595d7 wp-block-columns-is-layout-flex\">\n<div class=\"wp-block-column is-layout-flow wp-block-column-is-layout-flow\" style=\"flex-basis:100%\">\n<div class=\"wp-block-group alignwide\"><div class=\"wp-block-group__inner-container is-layout-flow wp-block-group-is-layout-flow\">\n<figure class=\"wp-block-gallery columns-3 is-cropped wp-block-gallery-1 is-layout-flex wp-block-gallery-is-layout-flex\"><ul class=\"blocks-gallery-grid\"><li class=\"blocks-gallery-item\"><figure><img loading=\"lazy\" decoding=\"async\" width=\"640\" height=\"359\" src=\"https:\/\/authentic-guide.ch\/wp-content\/uploads\/2021\/02\/lucerne-gratis.jpg\" alt=\"\" data-id=\"2461\" data-link=\"https:\/\/authentic-guide.ch\/?attachment_id=2461\" class=\"wp-image-2461\" srcset=\"https:\/\/authentic-guide.ch\/wp-content\/uploads\/2021\/02\/lucerne-gratis.jpg 640w, https:\/\/authentic-guide.ch\/wp-content\/uploads\/2021\/02\/lucerne-gratis-300x168.jpg 300w, https:\/\/authentic-guide.ch\/wp-content\/uploads\/2021\/02\/lucerne-gratis-107x60.jpg 107w\" sizes=\"auto, (max-width: 640px) 100vw, 640px\" \/><\/figure><\/li><li class=\"blocks-gallery-item\"><figure><img loading=\"lazy\" decoding=\"async\" width=\"1024\" height=\"359\" src=\"https:\/\/authentic-guide.ch\/wp-content\/uploads\/2021\/02\/panorama-of-lucerne-gratis-1024x359.jpg\" alt=\"\" data-id=\"2462\" data-link=\"https:\/\/authentic-guide.ch\/?attachment_id=2462\" class=\"wp-image-2462\" srcset=\"https:\/\/authentic-guide.ch\/wp-content\/uploads\/2021\/02\/panorama-of-lucerne-gratis-1024x359.jpg 1024w, https:\/\/authentic-guide.ch\/wp-content\/uploads\/2021\/02\/panorama-of-lucerne-gratis-300x105.jpg 300w, https:\/\/authentic-guide.ch\/wp-content\/uploads\/2021\/02\/panorama-of-lucerne-gratis-768x269.jpg 768w, https:\/\/authentic-guide.ch\/wp-content\/uploads\/2021\/02\/panorama-of-lucerne-gratis-1536x538.jpg 1536w, https:\/\/authentic-guide.ch\/wp-content\/uploads\/2021\/02\/panorama-of-lucerne-gratis-171x60.jpg 171w, https:\/\/authentic-guide.ch\/wp-content\/uploads\/2021\/02\/panorama-of-lucerne-gratis.jpg 1920w\" sizes=\"auto, (max-width: 1024px) 100vw, 1024px\" \/><\/figure><\/li><li class=\"blocks-gallery-item\"><figure><img loading=\"lazy\" decoding=\"async\" width=\"640\" height=\"168\" src=\"https:\/\/authentic-guide.ch\/wp-content\/uploads\/2021\/02\/rheinfall-gratis.jpg\" alt=\"\" data-id=\"2463\" data-link=\"https:\/\/authentic-guide.ch\/?attachment_id=2463\" class=\"wp-image-2463\" srcset=\"https:\/\/authentic-guide.ch\/wp-content\/uploads\/2021\/02\/rheinfall-gratis.jpg 640w, https:\/\/authentic-guide.ch\/wp-content\/uploads\/2021\/02\/rheinfall-gratis-300x79.jpg 300w, https:\/\/authentic-guide.ch\/wp-content\/uploads\/2021\/02\/rheinfall-gratis-229x60.jpg 229w\" sizes=\"auto, (max-width: 640px) 100vw, 640px\" \/><\/figure><\/li><li class=\"blocks-gallery-item\"><figure><img loading=\"lazy\" decoding=\"async\" width=\"16382\" height=\"3628\" src=\"https:\/\/authentic-guide.ch\/wp-content\/uploads\/2021\/04\/IMG_7286.jpg\" alt=\"\" data-id=\"2657\" data-link=\"https:\/\/authentic-guide.ch\/?attachment_id=2657\" class=\"wp-image-2657\"\/><figcaption class=\"blocks-gallery-item__caption\">San Salvatore Lugano<\/figcaption><\/figure><\/li><\/ul><\/figure>\n\n\n\n<figure class=\"wp-block-image size-large\"><img loading=\"lazy\" decoding=\"async\" width=\"1024\" height=\"683\" src=\"https:\/\/authentic-guide.ch\/wp-content\/uploads\/2021\/02\/basel-gratis-1024x683.jpg\" alt=\"\" class=\"wp-image-2458\" srcset=\"https:\/\/authentic-guide.ch\/wp-content\/uploads\/2021\/02\/basel-gratis-1024x683.jpg 1024w, https:\/\/authentic-guide.ch\/wp-content\/uploads\/2021\/02\/basel-gratis-300x200.jpg 300w, https:\/\/authentic-guide.ch\/wp-content\/uploads\/2021\/02\/basel-gratis-768x512.jpg 768w, https:\/\/authentic-guide.ch\/wp-content\/uploads\/2021\/02\/basel-gratis-90x60.jpg 90w, https:\/\/authentic-guide.ch\/wp-content\/uploads\/2021\/02\/basel-gratis.jpg 1280w\" sizes=\"auto, (max-width: 1024px) 100vw, 1024px\" \/><figcaption>Basel<\/figcaption><\/figure>\n<\/div><\/div>\n<\/div>\n<\/div>\n<\/div>\n<\/div>\n\n\n\n<p><\/p>\n","protected":false},"excerpt":{"rendered":"<p>\u00a0 BernM\u00fcnster, Altstadt, Bundeshaus, B\u00e4rengrabenCathedral, historic Old Town, Federal Building, bears \u00a0 LausanneOuchy, Altstadt, Kathedrale, StandseilbahnOuchy, Lakeshore, Old Town, Cathedral, historic Old Town funicular \u00a0 BaselM\u00fcnster, Rathaus, historische Pl\u00e4tze, Altstadt, Rheinufer, ZooCathedral, City Hall, \u00a0historic squares, Old Town, Rhine River, Zoo \u00a0 LuzernSch\u00f6nste Altstadt, KKL, &hellip; <\/p>\n","protected":false},"author":3,"featured_media":0,"parent":0,"menu_order":0,"comment_status":"closed","ping_status":"closed","template":"","meta":{"footnotes":""},"class_list":["post-2052","page","type-page","status-publish","hentry"],"aioseo_notices":[],"_links":{"self":[{"href":"https:\/\/authentic-guide.ch\/index.php?rest_route=\/wp\/v2\/pages\/2052","targetHints":{"allow":["GET"]}}],"collection":[{"href":"https:\/\/authentic-guide.ch\/index.php?rest_route=\/wp\/v2\/pages"}],"about":[{"href":"https:\/\/authentic-guide.ch\/index.php?rest_route=\/wp\/v2\/types\/page"}],"author":[{"embeddable":true,"href":"https:\/\/authentic-guide.ch\/index.php?rest_route=\/wp\/v2\/users\/3"}],"replies":[{"embeddable":true,"href":"https:\/\/authentic-guide.ch\/index.php?rest_route=%2Fwp%2Fv2%2Fcomments&post=2052"}],"version-history":[{"count":30,"href":"https:\/\/authentic-guide.ch\/index.php?rest_route=\/wp\/v2\/pages\/2052\/revisions"}],"predecessor-version":[{"id":2664,"href":"https:\/\/authentic-guide.ch\/index.php?rest_route=\/wp\/v2\/pages\/2052\/revisions\/2664"}],"wp:attachment":[{"href":"https:\/\/authentic-guide.ch\/index.php?rest_route=%2Fwp%2Fv2%2Fmedia&parent=2052"}],"curies":[{"name":"wp","href":"https:\/\/api.w.org\/{rel}","templated":true}]}}